{"id":21,"date":"2024-08-10T20:53:00","date_gmt":"2024-08-10T18:53:00","guid":{"rendered":"https:\/\/rppconnect.org\/?page_id=21"},"modified":"2025-04-06T16:09:23","modified_gmt":"2025-04-06T14:09:23","slug":"actualites","status":"publish","type":"page","link":"https:\/\/rppconnect.org\/?page_id=21","title":{"rendered":"Actualit\u00e9s"},"content":{"rendered":"\n\n\n<h2 class=\"wp-block-heading\"><strong>Bienvenue \u00e0 notre site d\u2019informations !<\/strong><\/h2>\n\n\n\n<p><\/p>\n\n\n\n<p>D\u00e9couvrez ici nos derni\u00e8res initiatives, discours et engagements envers la communaut\u00e9. <\/p>\n\n\n\n<p>Consultez cette section pour suivre l\u2019\u00e9volution de nos actions et de nos politiques.<br>Transparence et information sont nos priorit\u00e9s : ensemble, \u0153uvrons pour le bien commun.<\/p>\n\n\n\n<p>Ensemble b\u00e2tissons&nbsp;demain&nbsp;!<\/p>\n\n\n\n<hr class=\"wp-block-separator has-alpha-channel-opacity\"\/>\n\n\n\n<h3 class=\"wp-block-heading\">Derniers articles<\/h3>\n\n\n\n<div class=\"wp-block-group\"><div class=\"wp-block-group__inner-container is-layout-constrained wp-block-group-is-layout-constrained\">\n<details class=\"wp-block-details alignfull is-layout-flow wp-block-details-is-layout-flow\"><summary>Actualit\u00e9s<\/summary><ul class=\"wp-block-latest-posts__list is-grid columns-3 alignleft wp-block-latest-posts\"><li><a class=\"wp-block-latest-posts__post-title\" href=\"https:\/\/rppconnect.org\/?p=217\">Neuvi\u00e8me Conf\u00e9rence minist\u00e9rielle du Forum de coop\u00e9ration Chinois-Africain<\/a><div class=\"wp-block-latest-posts__post-excerpt\">En pr\u00e9lude du sommet, le ministre de l&#8217;\u00c9conomie et des Finances, M.Ilyas Moussa Dawaleh, et le ministre des Affaires\u2026 <a class=\"wp-block-latest-posts__read-more\" href=\"https:\/\/rppconnect.org\/?p=217\" rel=\"noopener noreferrer\">Lire la suite<span class=\"screen-reader-text\">\u00a0: Neuvi\u00e8me Conf\u00e9rence minist\u00e9rielle du Forum de coop\u00e9ration Chinois-Africain<\/span><\/a><\/div><\/li>\n<li><a class=\"wp-block-latest-posts__post-title\" href=\"https:\/\/rppconnect.org\/?p=214\">Travaux du 9\u00e8me Sommet du Forum pour la Coop\u00e9ration Sino-Africaine (FOCAC) qui se tient du 4 au 6 Septembre en Chine<\/a><div class=\"wp-block-latest-posts__post-excerpt\">Le Pr\u00e9sident de la R\u00e9publique, Son Excellence Ismail Omar Guelleh prend part aux travaux du 9\u00e8me Sommet du Forum\u2026 <a class=\"wp-block-latest-posts__read-more\" href=\"https:\/\/rppconnect.org\/?p=214\" rel=\"noopener noreferrer\">Lire la suite<span class=\"screen-reader-text\">\u00a0: Travaux du 9\u00e8me Sommet du Forum pour la Coop\u00e9ration Sino-Africaine (FOCAC) qui se tient du 4 au 6 Septembre en Chine<\/span><\/a><\/div><\/li>\n<li><a class=\"wp-block-latest-posts__post-title\" href=\"https:\/\/rppconnect.org\/?p=203\">Visite inopin\u00e9e du Secr\u00e9taire G\u00e9n\u00e9ral du Parti, Camarade Ilyas M Dawaleh \u00e0 l&#8217;\u00e9cole de l&#8217;annexe RPP Hayabley.<\/a><div class=\"wp-block-latest-posts__post-excerpt\">En cette onzi\u00e8me soir\u00e9e du mois b\u00e9ni de Ramadan, le secr\u00e9taire g\u00e9n\u00e9ral du Parti , son excellence monsieur #IlyasMoussaDawaleh s&#8217;est rendu \u00e0 l&#8217;Annexe RPP de #Hayabley pour visiter d&#8217;une mani\u00e8re inopin\u00e9e, les cours de soutien et de formation professionnelle r\u00e9alis\u00e9s par cette m\u00eame annexe aux enfants de Hayabley.<\/div><\/li>\n<\/ul><\/details>\n<\/div><\/div>\n","protected":false},"excerpt":{"rendered":"<p>Bienvenue \u00e0 notre site d\u2019informations ! D\u00e9couvrez ici nos derni\u00e8res initiatives, discours et engagements envers la communaut\u00e9. Consultez cette section pour suivre l\u2019\u00e9volution de nos actions et de nos politiques.Transparence et information sont nos priorit\u00e9s : ensemble, \u0153uvrons pour le bien commun. Ensemble b\u00e2tissons&nbsp;demain&nbsp;! Derniers articles<\/p>\n","protected":false},"author":1,"featured_media":65,"parent":0,"menu_order":0,"comment_status":"closed","ping_status":"closed","template":"","meta":{"_monsterinsights_skip_tracking":false,"_monsterinsights_sitenote_active":false,"_monsterinsights_sitenote_note":"","_monsterinsights_sitenote_category":0,"footnotes":""},"class_list":["post-21","page","type-page","status-publish","has-post-thumbnail","hentry"],"_links":{"self":[{"href":"https:\/\/rppconnect.org\/index.php?rest_route=\/wp\/v2\/pages\/21","targetHints":{"allow":["GET"]}}],"collection":[{"href":"https:\/\/rppconnect.org\/index.php?rest_route=\/wp\/v2\/pages"}],"about":[{"href":"https:\/\/rppconnect.org\/index.php?rest_route=\/wp\/v2\/types\/page"}],"author":[{"embeddable":true,"href":"https:\/\/rppconnect.org\/index.php?rest_route=\/wp\/v2\/users\/1"}],"replies":[{"embeddable":true,"href":"https:\/\/rppconnect.org\/index.php?rest_route=%2Fwp%2Fv2%2Fcomments&post=21"}],"version-history":[{"count":10,"href":"https:\/\/rppconnect.org\/index.php?rest_route=\/wp\/v2\/pages\/21\/revisions"}],"predecessor-version":[{"id":360,"href":"https:\/\/rppconnect.org\/index.php?rest_route=\/wp\/v2\/pages\/21\/revisions\/360"}],"wp:featuredmedia":[{"embeddable":true,"href":"https:\/\/rppconnect.org\/index.php?rest_route=\/wp\/v2\/media\/65"}],"wp:attachment":[{"href":"https:\/\/rppconnect.org\/index.php?rest_route=%2Fwp%2Fv2%2Fmedia&parent=21"}],"curies":[{"name":"wp","href":"https:\/\/api.w.org\/{rel}","templated":true}]}}