{"id":295,"date":"2025-04-05T14:22:22","date_gmt":"2025-04-05T12:22:22","guid":{"rendered":"https:\/\/rppconnect.org\/?page_id=295"},"modified":"2025-04-06T14:59:59","modified_gmt":"2025-04-06T12:59:59","slug":"mots-du-president","status":"publish","type":"page","link":"https:\/\/rppconnect.org\/?page_id=295","title":{"rendered":"Mots du Pr\u00e9sident"},"content":{"rendered":"\n<blockquote class=\"wp-block-quote is-layout-flow wp-block-quote-is-layout-flow\">\n<p><img loading=\"lazy\" decoding=\"async\" width=\"500\" height=\"332\" class=\"wp-image-344\" style=\"width: 500px;\" src=\"https:\/\/rppconnect.org\/wp-content\/uploads\/2025\/04\/IOG.jpg\" alt=\"\" srcset=\"https:\/\/rppconnect.org\/wp-content\/uploads\/2025\/04\/IOG.jpg 2048w, https:\/\/rppconnect.org\/wp-content\/uploads\/2025\/04\/IOG-300x199.jpg 300w, https:\/\/rppconnect.org\/wp-content\/uploads\/2025\/04\/IOG-1024x680.jpg 1024w, https:\/\/rppconnect.org\/wp-content\/uploads\/2025\/04\/IOG-768x510.jpg 768w, https:\/\/rppconnect.org\/wp-content\/uploads\/2025\/04\/IOG-1536x1020.jpg 1536w\" sizes=\"auto, (max-width: 500px) 100vw, 500px\" \/><\/p>\n\n\n\n<p><strong><mark style=\"background-color:rgba(0, 0, 0, 0)\" class=\"has-inline-color has-vivid-green-cyan-color\">Mot du Pr\u00e9sident de la R\u00e9publique de Djibouti et Pr\u00e9sident du Parti du Rassemblement Populaire pour le Progr, S.E.M Ismail Omar Guelleh, pour le Lancement de la Plate-forme Num\u00e9rique RPPConnect<\/mark><\/strong><\/p>\n\n\n\n<p>Chers camarades,<\/p>\n\n\n\n<p>Nous voil\u00e0 au lancement de la plate-forme num\u00e9rique RPPConnect, une initiative du SG qui repr\u00e9sente non seulement un pas en avant technologique, mais \u00e9galement un engagement profond envers la d\u00e9mocratie participative et l&#8217;inclusivit\u00e9 au sein de notre Parti.<\/p>\n\n\n\n<p>RPPConnect n&#8217;est pas seulement une nouvelle vitrine pour notre parti, le Rassemblement Populaire pour le Progr\u00e8s ; c&#8217;est \u00e9galement un espace d&#8217;\u00e9change et de dialogue pour tous les Djiboutiens.<\/p>\n\n\n\n<p>Cette plate-forme a \u00e9t\u00e9 con\u00e7ue pour recueillir les opinions, les pr\u00e9occupations et les voix de notre population.<\/p>\n\n\n\n<p>Elle permettra \u00e0 chaque citoyen, chaque militant et membre de nos communaut\u00e9s de s&#8217;engager directement avec les structures \u00e9tatiques et les instances dirigeantes de notre parti.<\/p>\n\n\n\n<p>Gr\u00e2ce \u00e0 RPPConnect, vous pourrez soumettre vos dol\u00e9ances, partager vos id\u00e9es et poser vos questions, tout en recevant des informations \u00e0 jour sur les initiatives de d\u00e9veloppement en cours et les projets futurs de notre gouvernement.<\/p>\n\n\n\n<p>En favorisant cette interaction directe, nous souhaitons non seulement renforcer le lien entre le peuple et ses dirigeants, mais aussi promouvoir une culture de transparence et de responsabilit\u00e9.<\/p>\n\n\n\n<p>Votre engagement et votre participation active sont essentiels \u00e0 la construction d\u2019un avenir prosp\u00e8re pour notre nation.<\/p>\n\n\n\n<p>En unissant nos efforts et en \u00e9coutant vos voix, nous serons en mesure d\u2019identifier des solutions concr\u00e8tes aux d\u00e9fis auxquels nous faisons face et d\u2019am\u00e9liorer la qualit\u00e9 de vie de tous.<\/p>\n\n\n\n<p>Je vous invite donc \u00e0 rejoindre cette initiative et \u00e0 faire de RPPConnect un outil de changement, d&#8217;information et de sensibilisation.<\/p>\n\n\n\n<p>Ensemble, faisons de notre pays un mod\u00e8le d&#8217;engagement d\u00e9mocratique et de solidarit\u00e9.<\/p>\n\n\n\n<p>Vive Djibouti !<br>Vive le Rassemblement Populaire pour&nbsp;le&nbsp;Progr\u00e8s&nbsp;!<\/p>\n<\/blockquote>\n\n\n\n<p><\/p>\n","protected":false},"excerpt":{"rendered":"<p>Mot du Pr\u00e9sident de la R\u00e9publique de Djibouti et Pr\u00e9sident du Parti du Rassemblement Populaire pour le Progr, S.E.M Ismail Omar Guelleh, pour le Lancement de la Plate-forme Num\u00e9rique RPPConnect Chers camarades, Nous voil\u00e0 au lancement de la plate-forme num\u00e9rique RPPConnect, une initiative du SG qui repr\u00e9sente non seulement un pas en avant technologique, mais [&hellip;]<\/p>\n","protected":false},"author":1,"featured_media":0,"parent":0,"menu_order":0,"comment_status":"closed","ping_status":"closed","template":"","meta":{"_monsterinsights_skip_tracking":false,"_monsterinsights_sitenote_active":false,"_monsterinsights_sitenote_note":"","_monsterinsights_sitenote_category":0,"footnotes":""},"class_list":["post-295","page","type-page","status-publish","hentry"],"_links":{"self":[{"href":"https:\/\/rppconnect.org\/index.php?rest_route=\/wp\/v2\/pages\/295","targetHints":{"allow":["GET"]}}],"collection":[{"href":"https:\/\/rppconnect.org\/index.php?rest_route=\/wp\/v2\/pages"}],"about":[{"href":"https:\/\/rppconnect.org\/index.php?rest_route=\/wp\/v2\/types\/page"}],"author":[{"embeddable":true,"href":"https:\/\/rppconnect.org\/index.php?rest_route=\/wp\/v2\/users\/1"}],"replies":[{"embeddable":true,"href":"https:\/\/rppconnect.org\/index.php?rest_route=%2Fwp%2Fv2%2Fcomments&post=295"}],"version-history":[{"count":8,"href":"https:\/\/rppconnect.org\/index.php?rest_route=\/wp\/v2\/pages\/295\/revisions"}],"predecessor-version":[{"id":351,"href":"https:\/\/rppconnect.org\/index.php?rest_route=\/wp\/v2\/pages\/295\/revisions\/351"}],"wp:attachment":[{"href":"https:\/\/rppconnect.org\/index.php?rest_route=%2Fwp%2Fv2%2Fmedia&parent=295"}],"curies":[{"name":"wp","href":"https:\/\/api.w.org\/{rel}","templated":true}]}}