{"id":299,"date":"2025-04-05T14:23:29","date_gmt":"2025-04-05T12:23:29","guid":{"rendered":"https:\/\/rppconnect.org\/?page_id=299"},"modified":"2025-04-07T22:23:48","modified_gmt":"2025-04-07T20:23:48","slug":"les-dirigeants","status":"publish","type":"page","link":"https:\/\/rppconnect.org\/?page_id=299","title":{"rendered":"Les dirigeants"},"content":{"rendered":"\n<p class=\"has-medium-font-size\"><strong>Le Comit\u00e9 Ex\u00e9cutif, pilier d\u2019un parti uni, innovant et au service de la patrie.<\/strong><\/p>\n\n\n\n<p>Le Comit\u00e9 Ex\u00e9cutif incarne l\u2019organe dirigeant supr\u00eame du parti, charg\u00e9 de piloter sa vision strat\u00e9gique et d\u2019assurer la coh\u00e9rence de ses actions sur les plans national et international. Compos\u00e9 de membres exp\u00e9riment\u00e9s et engag\u00e9s, il joue un r\u00f4le central dans l\u2019\u00e9laboration des orientations politiques, la coordination des activit\u00e9s des diff\u00e9rentes structures du parti, et la garantie du respect des valeurs fondatrices du RPP.&nbsp;<\/p>\n\n\n\n<p class=\"has-text-align-center has-medium-font-size\"><strong>Missions et Attributions<\/strong><\/p>\n\n\n\n<p>Conform\u00e9ment aux Statuts du RPP (Article 19), le Comit\u00e9 Ex\u00e9cutif a pour missions principales :&nbsp;<\/p>\n\n\n\n<p class=\"has-medium-font-size\"><strong>1. Orientation Politique :<\/strong><\/p>\n\n\n\n<p>Concevoir et mettre en \u0153uvre les lignes directrices du parti, en alignement avec les r\u00e9solutions du Congr\u00e8s et du Comit\u00e9 Central.&nbsp;<\/p>\n\n\n\n<p><strong>2. Coordination :<\/strong><\/p>\n\n\n\n<p>Superviser le fonctionnement des F\u00e9d\u00e9rations, Annexes, et autres organes du parti pour une mobilisation harmonieuse des militants.&nbsp;<\/p>\n\n\n\n<p><strong>3. Repr\u00e9sentation :<\/strong><\/p>\n\n\n\n<p>Porter la voix du RPP sur la sc\u00e8ne nationale et internationale, en d\u00e9fendant ses principes de d\u00e9mocratie, d\u2019unit\u00e9 nationale, et de justice sociale.&nbsp;<\/p>\n\n\n\n<p><strong>4. Gestion des ressources&nbsp; : <\/strong><\/p>\n\n\n\n<p>Veiller \u00e0 la transparence financi\u00e8re et \u00e0 l\u2019allocation optimale des moyens mat\u00e9riels et humains.&nbsp;<\/p>\n\n\n\n<hr class=\"wp-block-separator has-alpha-channel-opacity\"\/>\n\n\n\n<p class=\"has-text-align-center has-medium-font-size\"><strong>Composition<\/strong><\/p>\n\n\n\n<p>Le Comit\u00e9 Ex\u00e9cutif est structur\u00e9 autour de 13 secr\u00e9tariats nationaux, chacun d\u00e9di\u00e9 \u00e0 un domaine cl\u00e9 (Article 20 des Statuts) :&nbsp;<\/p>\n\n\n\n<p>&#8211; Pr\u00e9sident : Dirige les instances supr\u00eames (Congr\u00e8s, Comit\u00e9 Central, Comit\u00e9 Ex\u00e9cutif).&nbsp;<\/p>\n\n\n\n<p>&#8211; Vice-Pr\u00e9sident : Assure l\u2019int\u00e9rim en cas d\u2019emp\u00eachement du Pr\u00e9sident.&nbsp;<\/p>\n\n\n\n<p>&#8211; Secr\u00e9taire G\u00e9n\u00e9ral : Garant de l\u2019ex\u00e9cution des d\u00e9cisions et de la liaison entre les organes.&nbsp;<\/p>\n\n\n\n<p>&#8211; Secr\u00e9taires Nationaux : Charg\u00e9s des th\u00e9matiques prioritaires (mobilisation, \u00e9lections, jeunesse, communication, finances, relations ext\u00e9rieures, etc.).&nbsp;<\/p>\n\n\n\n<p>Son mod\u00e8le d\u2019organisation refl\u00e8te la volont\u00e9 du RPP d\u2019agir de mani\u00e8re transversale, en int\u00e9grant les enjeux socio-\u00e9conomiques, culturels, et g\u00e9opolitiques dans une approche inclusive et progressiste.&nbsp;<\/p>\n\n\n\n<hr class=\"wp-block-separator has-alpha-channel-opacity\"\/>\n\n\n\n<figure class=\"wp-block-image size-large is-resized\"><img loading=\"lazy\" decoding=\"async\" width=\"1024\" height=\"680\" src=\"https:\/\/rppconnect.org\/wp-content\/uploads\/2025\/04\/IOG-1-1024x680.jpg\" alt=\"\" class=\"wp-image-354\" style=\"width:325px;height:auto\" srcset=\"https:\/\/rppconnect.org\/wp-content\/uploads\/2025\/04\/IOG-1-1024x680.jpg 1024w, https:\/\/rppconnect.org\/wp-content\/uploads\/2025\/04\/IOG-1-300x199.jpg 300w, https:\/\/rppconnect.org\/wp-content\/uploads\/2025\/04\/IOG-1-768x510.jpg 768w, https:\/\/rppconnect.org\/wp-content\/uploads\/2025\/04\/IOG-1-1536x1020.jpg 1536w, https:\/\/rppconnect.org\/wp-content\/uploads\/2025\/04\/IOG-1.jpg 2048w\" sizes=\"auto, (max-width: 1024px) 100vw, 1024px\" \/><figcaption class=\"wp-element-caption\">Le Pr\u00e9sident du parti &amp; Pr\u00e9sident de la R\u00e9publique <strong>SEM Ismail Omar Guelleh<\/strong><\/figcaption><\/figure>\n\n\n\n<!DOCTYPE html>\n<html lang=\"fr\">\n<head>\n  <meta charset=\"UTF-8\">\n  <title>Liens R\u00e9seaux Sociaux<\/title>\n  <!-- Lien vers Font Awesome -->\n  <link rel=\"stylesheet\" href=\"https:\/\/cdnjs.cloudflare.com\/ajax\/libs\/font-awesome\/6.5.0\/css\/all.min.css\">\n  <style>\n    .social-icons a {\n      text-decoration: none;\n      margin: 0 10px;\n      font-size: 24px;\n      color: #333;\n    }\n    .social-icons a:hover {\n      color: #1da1f2; \/* bleu twitter par d\u00e9faut *\/\n    }\n  <\/style>\n<\/head>\n<body>\n\n  <div class=\"social-icons\">\n    <a href=\"https:\/\/x.com\/IsmailOguelleh\" target=\"_blank\"><i class=\"fab fa-x\"><\/i><\/a>\n    <a href=\"https:\/\/www.facebook.com\/PAGEOFFICIELLEIOG\/?locale=fr_FR\" target=\"_blank\"><i class=\"fab fa-facebook\"><\/i><\/a>\n   \n  <\/div>\n\n<\/body>\n<\/html>\n\n\n\n\n<figure class=\"wp-block-image size-full is-resized\"><img loading=\"lazy\" decoding=\"async\" width=\"400\" height=\"400\" src=\"https:\/\/rppconnect.org\/wp-content\/uploads\/2025\/04\/PM.jpg\" alt=\"\" class=\"wp-image-366\" style=\"width:325px;height:auto\" srcset=\"https:\/\/rppconnect.org\/wp-content\/uploads\/2025\/04\/PM.jpg 400w, https:\/\/rppconnect.org\/wp-content\/uploads\/2025\/04\/PM-300x300.jpg 300w, https:\/\/rppconnect.org\/wp-content\/uploads\/2025\/04\/PM-150x150.jpg 150w\" sizes=\"auto, (max-width: 400px) 100vw, 400px\" \/><figcaption class=\"wp-element-caption\">Le Vice Pr\u00e9sident du parti <strong>SEM Abdoulkader Kamil Mohamed<\/strong><\/figcaption><\/figure>\n\n\n\n<!DOCTYPE html>\n<html lang=\"fr\">\n<head>\n  <meta charset=\"UTF-8\">\n  <title>Liens R\u00e9seaux Sociaux<\/title>\n  <!-- Lien vers Font Awesome -->\n  <link rel=\"stylesheet\" href=\"https:\/\/cdnjs.cloudflare.com\/ajax\/libs\/font-awesome\/6.5.0\/css\/all.min.css\">\n  <style>\n    .social-icons a {\n      text-decoration: none;\n      margin: 0 10px;\n      font-size: 24px;\n      color: #333;\n    }\n    .social-icons a:hover {\n      color: #1da1f2; \/* bleu twitter par d\u00e9faut *\/\n    }\n  <\/style>\n<\/head>\n<body>\n\n  <div class=\"social-icons\">\n    <a href=\"https:\/\/x.com\/A_Kamil_Mohamed\" target=\"_blank\"><i class=\"fab fa-x\"><\/i><\/a>\n    <a href=\"https:\/\/www.facebook.com\/akmdjibouti\/?locale=fr_FR\" target=\"_blank\"><i class=\"fab fa-facebook\"><\/i><\/a>\n    \n  <\/div>\n\n<\/body>\n<\/html>\n\n\n\n<figure class=\"wp-block-image size-full is-resized\"><img loading=\"lazy\" decoding=\"async\" width=\"400\" height=\"400\" src=\"https:\/\/rppconnect.org\/wp-content\/uploads\/2025\/04\/IMD.jpg\" alt=\"Ilyas Moussa Dawaleh\" class=\"wp-image-365\" style=\"width:325px;height:auto\" srcset=\"https:\/\/rppconnect.org\/wp-content\/uploads\/2025\/04\/IMD.jpg 400w, https:\/\/rppconnect.org\/wp-content\/uploads\/2025\/04\/IMD-300x300.jpg 300w, https:\/\/rppconnect.org\/wp-content\/uploads\/2025\/04\/IMD-150x150.jpg 150w\" sizes=\"auto, (max-width: 400px) 100vw, 400px\" \/><figcaption class=\"wp-element-caption\">Le Secr\u00e9taire G\u00e9n\u00e9ral du parti <strong>SEM Ilyas Moussa Dawaleh<\/strong><\/figcaption><\/figure>\n\n\n\n<!DOCTYPE html>\n<html lang=\"fr\">\n<head>\n  <meta charset=\"UTF-8\">\n  <title>Liens R\u00e9seaux Sociaux<\/title>\n  <!-- Lien vers Font Awesome -->\n  <link rel=\"stylesheet\" href=\"https:\/\/cdnjs.cloudflare.com\/ajax\/libs\/font-awesome\/6.5.0\/css\/all.min.css\">\n  <style>\n    .social-icons a {\n      text-decoration: none;\n      margin: 0 10px;\n      font-size: 24px;\n      color: #333;\n    }\n    .social-icons a:hover {\n      color: #1da1f2; \/* bleu twitter par d\u00e9faut *\/\n    }\n  <\/style>\n<\/head>\n<body>\n\n  <div class=\"social-icons\">\n    <a href=\"https:\/\/x.com\/Ilyasdawaleh\" target=\"_blank\"><i class=\"fab fa-x\"><\/i><\/a>\n    <a href=\"https:\/\/www.facebook.com\/MinistreIlyasDawaleh\/?locale=fr_FR\" target=\"_blank\"><i class=\"fab fa-facebook\"><\/i><\/a>\n\n  <\/div>\n\n<\/body>\n<\/html>\n","protected":false},"excerpt":{"rendered":"<p>Le Comit\u00e9 Ex\u00e9cutif, pilier d\u2019un parti uni, innovant et au service de la patrie. Le Comit\u00e9 Ex\u00e9cutif incarne l\u2019organe dirigeant supr\u00eame du parti, charg\u00e9 de piloter sa vision strat\u00e9gique et d\u2019assurer la coh\u00e9rence de ses actions sur les plans national et international. Compos\u00e9 de membres exp\u00e9riment\u00e9s et engag\u00e9s, il joue un r\u00f4le central dans l\u2019\u00e9laboration [&hellip;]<\/p>\n","protected":false},"author":1,"featured_media":0,"parent":0,"menu_order":0,"comment_status":"closed","ping_status":"closed","template":"","meta":{"_monsterinsights_skip_tracking":false,"_monsterinsights_sitenote_active":false,"_monsterinsights_sitenote_note":"","_monsterinsights_sitenote_category":0,"footnotes":""},"class_list":["post-299","page","type-page","status-publish","hentry"],"_links":{"self":[{"href":"https:\/\/rppconnect.org\/index.php?rest_route=\/wp\/v2\/pages\/299","targetHints":{"allow":["GET"]}}],"collection":[{"href":"https:\/\/rppconnect.org\/index.php?rest_route=\/wp\/v2\/pages"}],"about":[{"href":"https:\/\/rppconnect.org\/index.php?rest_route=\/wp\/v2\/types\/page"}],"author":[{"embeddable":true,"href":"https:\/\/rppconnect.org\/index.php?rest_route=\/wp\/v2\/users\/1"}],"replies":[{"embeddable":true,"href":"https:\/\/rppconnect.org\/index.php?rest_route=%2Fwp%2Fv2%2Fcomments&post=299"}],"version-history":[{"count":10,"href":"https:\/\/rppconnect.org\/index.php?rest_route=\/wp\/v2\/pages\/299\/revisions"}],"predecessor-version":[{"id":377,"href":"https:\/\/rppconnect.org\/index.php?rest_route=\/wp\/v2\/pages\/299\/revisions\/377"}],"wp:attachment":[{"href":"https:\/\/rppconnect.org\/index.php?rest_route=%2Fwp%2Fv2%2Fmedia&parent=299"}],"curies":[{"name":"wp","href":"https:\/\/api.w.org\/{rel}","templated":true}]}}

<p class="has-medium-font-size"><strong>Le Comité Exécutif, pilier d’un parti uni, innovant et au service de la patrie.</strong></p>



<p>Le Comité Exécutif incarne l’organe dirigeant suprême du parti, chargé de piloter sa vision stratégique et d’assurer la cohérence de ses actions sur les plans national et international. Composé de membres expérimentés et engagés, il joue un rôle central dans l’élaboration des orientations politiques, la coordination des activités des différentes structures du parti, et la garantie du respect des valeurs fondatrices du RPP.&nbsp;</p>



<p class="has-text-align-center has-medium-font-size"><strong>Missions et Attributions</strong></p>



<p>Conformément aux Statuts du RPP (Article 19), le Comité Exécutif a pour missions principales :&nbsp;</p>



<p class="has-medium-font-size"><strong>1. Orientation Politique :</strong></p>



<p>Concevoir et mettre en œuvre les lignes directrices du parti, en alignement avec les résolutions du Congrès et du Comité Central.&nbsp;</p>



<p><strong>2. Coordination :</strong></p>



<p>Superviser le fonctionnement des Fédérations, Annexes, et autres organes du parti pour une mobilisation harmonieuse des militants.&nbsp;</p>



<p><strong>3. Représentation :</strong></p>



<p>Porter la voix du RPP sur la scène nationale et internationale, en défendant ses principes de démocratie, d’unité nationale, et de justice sociale.&nbsp;</p>



<p><strong>4. Gestion des ressources&nbsp; : </strong></p>



<p>Veiller à la transparence financière et à l’allocation optimale des moyens matériels et humains.&nbsp;</p>



<hr class="wp-block-separator has-alpha-channel-opacity"/>



<p class="has-text-align-center has-medium-font-size"><strong>Composition</strong></p>



<p>Le Comité Exécutif est structuré autour de 13 secrétariats nationaux, chacun dédié à un domaine clé (Article 20 des Statuts) :&nbsp;</p>



<p>&#8211; Président : Dirige les instances suprêmes (Congrès, Comité Central, Comité Exécutif).&nbsp;</p>



<p>&#8211; Vice-Président : Assure l’intérim en cas d’empêchement du Président.&nbsp;</p>



<p>&#8211; Secrétaire Général : Garant de l’exécution des décisions et de la liaison entre les organes.&nbsp;</p>



<p>&#8211; Secrétaires Nationaux : Chargés des thématiques prioritaires (mobilisation, élections, jeunesse, communication, finances, relations extérieures, etc.).&nbsp;</p>



<p>Son modèle d’organisation reflète la volonté du RPP d’agir de manière transversale, en intégrant les enjeux socio-économiques, culturels, et géopolitiques dans une approche inclusive et progressiste.&nbsp;</p>



<hr class="wp-block-separator has-alpha-channel-opacity"/>



<figure class="wp-block-image size-large is-resized"><img loading="lazy" decoding="async" width="1024" height="680" src="https://rppconnect.org/wp-content/uploads/2025/04/IOG-1-1024x680.jpg" alt="" class="wp-image-354" style="width:325px;height:auto" srcset="https://rppconnect.org/wp-content/uploads/2025/04/IOG-1-1024x680.jpg 1024w, https://rppconnect.org/wp-content/uploads/2025/04/IOG-1-300x199.jpg 300w, https://rppconnect.org/wp-content/uploads/2025/04/IOG-1-768x510.jpg 768w, https://rppconnect.org/wp-content/uploads/2025/04/IOG-1-1536x1020.jpg 1536w, https://rppconnect.org/wp-content/uploads/2025/04/IOG-1.jpg 2048w" sizes="auto, (max-width: 1024px) 100vw, 1024px" /><figcaption class="wp-element-caption">Le Président du parti &amp; Président de la République <strong>SEM Ismail Omar Guelleh</strong></figcaption></figure>



<!DOCTYPE html>
<html lang="fr">
<head>
  <meta charset="UTF-8">
  <title>Liens Réseaux Sociaux</title>
  <!-- Lien vers Font Awesome -->
  <link rel="stylesheet" href="https://cdnjs.cloudflare.com/ajax/libs/font-awesome/6.5.0/css/all.min.css">
  <style>
    .social-icons a {
      text-decoration: none;
      margin: 0 10px;
      font-size: 24px;
      color: #333;
    }
    .social-icons a:hover {
      color: #1da1f2; /* bleu twitter par défaut */
    }
  </style>
</head>
<body>

  <div class="social-icons">
    <a href="https://x.com/IsmailOguelleh" target="_blank"><i class="fab fa-x"></i></a>
    <a href="https://www.facebook.com/PAGEOFFICIELLEIOG/?locale=fr_FR" target="_blank"><i class="fab fa-facebook"></i></a>
   
  </div>

</body>
</html>




<figure class="wp-block-image size-full is-resized"><img loading="lazy" decoding="async" width="400" height="400" src="https://rppconnect.org/wp-content/uploads/2025/04/PM.jpg" alt="" class="wp-image-366" style="width:325px;height:auto" srcset="https://rppconnect.org/wp-content/uploads/2025/04/PM.jpg 400w, https://rppconnect.org/wp-content/uploads/2025/04/PM-300x300.jpg 300w, https://rppconnect.org/wp-content/uploads/2025/04/PM-150x150.jpg 150w" sizes="auto, (max-width: 400px) 100vw, 400px" /><figcaption class="wp-element-caption">Le Vice Président du parti <strong>SEM Abdoulkader Kamil Mohamed</strong></figcaption></figure>



<!DOCTYPE html>
<html lang="fr">
<head>
  <meta charset="UTF-8">
  <title>Liens Réseaux Sociaux</title>
  <!-- Lien vers Font Awesome -->
  <link rel="stylesheet" href="https://cdnjs.cloudflare.com/ajax/libs/font-awesome/6.5.0/css/all.min.css">
  <style>
    .social-icons a {
      text-decoration: none;
      margin: 0 10px;
      font-size: 24px;
      color: #333;
    }
    .social-icons a:hover {
      color: #1da1f2; /* bleu twitter par défaut */
    }
  </style>
</head>
<body>

  <div class="social-icons">
    <a href="https://x.com/A_Kamil_Mohamed" target="_blank"><i class="fab fa-x"></i></a>
    <a href="https://www.facebook.com/akmdjibouti/?locale=fr_FR" target="_blank"><i class="fab fa-facebook"></i></a>
    
  </div>

</body>
</html>



<figure class="wp-block-image size-full is-resized"><img loading="lazy" decoding="async" width="400" height="400" src="https://rppconnect.org/wp-content/uploads/2025/04/IMD.jpg" alt="Ilyas Moussa Dawaleh" class="wp-image-365" style="width:325px;height:auto" srcset="https://rppconnect.org/wp-content/uploads/2025/04/IMD.jpg 400w, https://rppconnect.org/wp-content/uploads/2025/04/IMD-300x300.jpg 300w, https://rppconnect.org/wp-content/uploads/2025/04/IMD-150x150.jpg 150w" sizes="auto, (max-width: 400px) 100vw, 400px" /><figcaption class="wp-element-caption">Le Secrétaire Général du parti <strong>SEM Ilyas Moussa Dawaleh</strong></figcaption></figure>



<!DOCTYPE html>
<html lang="fr">
<head>
  <meta charset="UTF-8">
  <title>Liens Réseaux Sociaux</title>
  <!-- Lien vers Font Awesome -->
  <link rel="stylesheet" href="https://cdnjs.cloudflare.com/ajax/libs/font-awesome/6.5.0/css/all.min.css">
  <style>
    .social-icons a {
      text-decoration: none;
      margin: 0 10px;
      font-size: 24px;
      color: #333;
    }
    .social-icons a:hover {
      color: #1da1f2; /* bleu twitter par défaut */
    }
  </style>
</head>
<body>

  <div class="social-icons">
    <a href="https://x.com/Ilyasdawaleh" target="_blank"><i class="fab fa-x"></i></a>
    <a href="https://www.facebook.com/MinistreIlyasDawaleh/?locale=fr_FR" target="_blank"><i class="fab fa-facebook"></i></a>

  </div>

</body>
</html>

<p>Le Comité Exécutif, pilier d’un parti uni, innovant et au service de la patrie. Le Comité Exécutif incarne l’organe dirigeant suprême du parti, chargé de piloter sa vision stratégique et d’assurer la cohérence de ses actions sur les plans national et international. Composé de membres expérimentés et engagés, il joue un rôle central dans l’élaboration [&hellip;]</p>
