{"id":98,"date":"2024-09-19T21:01:52","date_gmt":"2024-09-19T19:01:52","guid":{"rendered":"https:\/\/rppconnect.org\/?page_id=98"},"modified":"2024-09-19T21:31:52","modified_gmt":"2024-09-19T19:31:52","slug":"journal-le-progres","status":"publish","type":"page","link":"https:\/\/rppconnect.org\/?page_id=98","title":{"rendered":"Journal le Progr\u00e8s"},"content":{"rendered":"\n<div class=\"wp-block-group\"><div class=\"wp-block-group__inner-container is-layout-constrained wp-block-group-is-layout-constrained\">\n<div class=\"wp-block-columns is-layout-flex wp-container-core-columns-is-layout-9d6595d7 wp-block-columns-is-layout-flex\">\n<div class=\"wp-block-column is-layout-flow wp-block-column-is-layout-flow\" style=\"flex-basis:100%\">\n<h1 class=\"wp-block-heading\"><strong>Journal&nbsp;<em>Le Progr\u00e8s<\/em><\/strong><\/h1>\n\n\n\n<p>Retrouvez toutes les \u00e9ditions du journal\u00a0<em>Le Progr\u00e8s<\/em>, le bulletin officiel du RPP, qui informe sur l\u2019actualit\u00e9 politique, les initiatives du parti, et les enjeux nationaux et internationaux qui concernent notre pays. <\/p>\n\n\n\n<p><strong>Vous pouvez t\u00e9l\u00e9charger les editions num\u00e9rique et les consulter aisement hors ligne !<\/strong><\/p>\n<\/div>\n<\/div>\n<\/div><\/div>\n\n\n\n<ul class=\"wp-block-list\">\n<li>Journal le progr\u00e8s num\u00e9ro edition 200<\/li>\n\n\n\n<li>Journal le progr\u00e8s num\u00e9ro edition 201 special<\/li>\n\n\n\n<li>Journal le progr\u00e8s num\u00e9ro edition 202 2023 <\/li>\n<\/ul>\n","protected":false},"excerpt":{"rendered":"<p>Journal&nbsp;Le Progr\u00e8s Retrouvez toutes les \u00e9ditions du journal\u00a0Le Progr\u00e8s, le bulletin officiel du RPP, qui informe sur l\u2019actualit\u00e9 politique, les initiatives du parti, et les enjeux nationaux et internationaux qui concernent notre pays. Vous pouvez t\u00e9l\u00e9charger les editions num\u00e9rique et les consulter aisement hors ligne !<\/p>\n","protected":false},"author":1,"featured_media":117,"parent":0,"menu_order":0,"comment_status":"closed","ping_status":"closed","template":"","meta":{"_monsterinsights_skip_tracking":false,"_monsterinsights_sitenote_active":false,"_monsterinsights_sitenote_note":"","_monsterinsights_sitenote_category":0,"footnotes":""},"class_list":["post-98","page","type-page","status-publish","has-post-thumbnail","hentry"],"_links":{"self":[{"href":"https:\/\/rppconnect.org\/index.php?rest_route=\/wp\/v2\/pages\/98","targetHints":{"allow":["GET"]}}],"collection":[{"href":"https:\/\/rppconnect.org\/index.php?rest_route=\/wp\/v2\/pages"}],"about":[{"href":"https:\/\/rppconnect.org\/index.php?rest_route=\/wp\/v2\/types\/page"}],"author":[{"embeddable":true,"href":"https:\/\/rppconnect.org\/index.php?rest_route=\/wp\/v2\/users\/1"}],"replies":[{"embeddable":true,"href":"https:\/\/rppconnect.org\/index.php?rest_route=%2Fwp%2Fv2%2Fcomments&post=98"}],"version-history":[{"count":6,"href":"https:\/\/rppconnect.org\/index.php?rest_route=\/wp\/v2\/pages\/98\/revisions"}],"predecessor-version":[{"id":119,"href":"https:\/\/rppconnect.org\/index.php?rest_route=\/wp\/v2\/pages\/98\/revisions\/119"}],"wp:featuredmedia":[{"embeddable":true,"href":"https:\/\/rppconnect.org\/index.php?rest_route=\/wp\/v2\/media\/117"}],"wp:attachment":[{"href":"https:\/\/rppconnect.org\/index.php?rest_route=%2Fwp%2Fv2%2Fmedia&parent=98"}],"curies":[{"name":"wp","href":"https:\/\/api.w.org\/{rel}","templated":true}]}}